r(w) = w**3 + 36*w**2 + 47*w + 437. Let o be r(-35). Calculate the highest common factor of 9707 and o.
17
Let j = 198 - 158. Let l(x) = 640*x**2 - 9*x - 9. Let c be l(-1). What is the greatest common divisor of c and j?
40
Let j = -1383 + 2494. Suppose 3*t - 447 = 4*l - j, -3*l + 523 = 4*t. Calculate the greatest common divisor of l and 13.
13
Suppose -2*n + 120 = 3*n. Suppose -n*r = -2*t - 29*r + 37, 40 = 2*t + 4*r. What is the greatest common divisor of 468 and t?
26
Suppose 0 = -750*a + 740*a + 10. What is the greatest common factor of 83 and a?
1
Let t be (-2)/(-9) - (-474)/54. Suppose -5*c + 2*c = t, -2*c = q - 104. Calculate the greatest common factor of q and 44.
22
Let l(z) = z**3 - 65*z**2 + 244. Let g be l(65). Calculate the highest common factor of g and 1159.
61
Suppose -46*t - 48*t = -103*t + 45603. What is the highest common factor of 9 and t?
9
Let o(c) = -140*c + 998. Let d be o(7). Calculate the greatest common factor of d and 3552.
6
Suppose -a + 4*a = -3*a. Let m be 1016/46 + (-32)/368 + a. Calculate the greatest common factor of 55 and m.
11
Let w(l) = -l**3 + 2*l**2 + 13*l + 48. Let x be w(-5). What is the highest common factor of 8 and x?
2
Suppose 0 = 3*j + 5*c - 574, -j - 2*c + 756 = 3*j. Suppose 511 + 563 = 18*b - 3156. What is the greatest common factor of j and b?
47
Suppose -47*a + 70 = -37*a. Let b(u) = u**3 - 6*u**2 - 4*u - 1. Let d be b(a). Calculate the highest common factor of d and 160.
20
Let w = 15834 + -13555. What is the greatest common factor of 212 and w?
53
Let u be 224/10*((8 - (-1233)/18) + 11). Calculate the highest common factor of u and 84.
28
Let p(g) = 3*g**3 - 21*g**2 + 34*g - 161. Let z be p(21). What is the highest common divisor of 25 and z?
25
Let k(s) = -s**3 - 18*s**2 - 100*s. Let n be k(-15). Calculate the greatest common factor of n and 675.
75
Suppose -3*n + 5*n = 6. Suppose -n*p - 2*r = -6*p + 51, 2*p = -r + 34. Suppose -1951*d = -1693*d - 4386. What is the highest common factor of p and d?
17
Let f be 24*(-2)/(-3) - (7 - (-6 + 15)). What is the greatest common divisor of f and 1170?
18
Let q(l) = -l + 1. Let s be q(-4). Let h be 84/9 - (286/(-33) - -9). Suppose 80 = -s*m + h*m. What is the highest common divisor of 15 and m?
5
Suppose -4*m + 0*m + 36 = 0. Suppose 4*i + 12*o - 1538 = 17*o, -5*o + 784 = 2*i. What is the highest common divisor of i and m?
9
Let w be ((-2)/((-24)/39))/(1/8). Let t = -36 + w. Let b(k) = k + 28. Let i be b(t). Calculate the highest common divisor of 2 and i.
2
Suppose 9*r - 10 = 4*r. Suppose -10*g - 120 = -r*g. Let x be (-591)/g + (-3)/(-5). What is the highest common factor of 10 and x?
10
Let v(p) = 8 + 2 + 71*p**2 - 12 - 2*p. Let c be v(-1). Suppose -y = 4*j - c, 0*y = 3*y - 5*j - 145. What is the highest common divisor of 5 and y?
5
Suppose 7172 = y + z - 2715, 5*z - 19786 = -2*y. Suppose 47*j - 8494 = y. What is the greatest common factor of j and 17?
17
Let r(v) = v**2 - 4*v - 3. Let q be r(-2). Suppose -f = -2*t + 3*f + 96, q = -3*f. Let s be (-63)/35*40/(-12). What is the greatest common divisor of t and s?
6
Let a = 39 - 31. Let f(g) = -g**3 + 7*g**2 + 9. Let w be f(a). Let v be (-5)/(w/(-30) - 2). Calculate the greatest common factor of v and 6.
6
Suppose 2*l + 3*l = -30. Let y be ((-72)/8 - -5)*l. Calculate the greatest common factor of y and 132.
12
Let i be ((-16)/(-44))/2 + (-246)/22. Let y be 8 + i - 1*-3. Let j be 16 - 1 - y/3. What is the highest common divisor of j and 240?
15
Let q be (2 - 1)/1 - (-5 + 3). Suppose 3*w = y + 733, -q*y = 6*w - 2*w + 2134. Let o be 10/80 - y/16. What is the greatest common divisor of o and 15?
15
Suppose -5*v = 5*w - 100, -5*w - 3 - 47 = -v. Suppose -v = 2*i - i. Let j be (-1 - 615/i) + (-4)/(-10). Calculate the highest common factor of j and 216.
24
Suppose -o + 927 = -81. Calculate the greatest common divisor of 12 and o.
12
Let m = -37 + 67. Suppose 3*d - 49 = -3*j + 143, 3*j = -d + 72. Calculate the greatest common factor of d and m.
30
Let p be (6313/590 - ((-3)/10 + 0)) + 7. Calculate the highest common factor of 156 and p.
6
Suppose -2*h - 756 = 10*h. Let r = h + 153. Suppose -g = 2*g - r. What is the greatest common factor of g and 10?
10
Let h(l) be the first derivative of 3*l + 2/3*l**3 - 4 + 2*l**2. Let r be h(-8). What is the highest common divisor of r and 11?
11
Let q = 44 - 55. Let k be q/(11/(-5)) - (-273 - 2). Calculate the greatest common divisor of 40 and k.
40
Suppose 18*x - 95222 + 11774 = 0. Suppose 0 = 50*q + 36 - x. What is the greatest common factor of 23 and q?
23
Suppose 183*u = 3*m + 188*u - 133, -5*m - 5*u + 205 = 0. Let p = 0 - -5. Let x be (-9 - 0)/((-5)/p). Calculate the greatest common divisor of x and m.
9
Let q = 46 - 34. Let v be 42/q + 2/4. Let s be (6/9)/(5/30). Calculate the greatest common divisor of s and v.
4
Suppose 0 = -66*a + 40*a + 312. What is the highest common divisor of 84 and a?
12
Let k be (8 - 260/25)*15/6 + 39. Calculate the highest common factor of 141 and k.
3
Let r(q) be the second derivative of -q**3/3 + 17*q**2/2 - 9*q. Let t be r(-7). Let v = t + -21. Calculate the highest common divisor of 2 and v.
2
Suppose 3*b - 2*w = -7*w + 969, -2*w = 4*b - 1320. Calculate the highest common divisor of b and 81.
9
Suppose 4*x + 141 = 5*t + 7*x, 5*t - 4*x = 127. Let o be (-10)/(-3)*9/5. Calculate the highest common factor of o and t.
3
Let b = -1 + 65. Suppose -4*a = -3*o + 305, -a - 4*a - 389 = 4*o. Let m = a + 93. Calculate the greatest common divisor of b and m.
16
Let i = -77 - -86. Let z be 3/3 + (7 - 7). What is the highest common divisor of i and z?
1
Suppose -4*d + 186 = v - 376, 2*d = 3*v - 1672. Let l be (-12)/15 + v/(-15). Let r = l + 54. What is the greatest common divisor of 16 and r?
16
Let v = -904 + 1018. Let r = -53 - -129. Calculate the highest common divisor of r and v.
38
Suppose -4*z + 229 - 213 = 0. Let v be z/(-88)*-876 - (-4)/22. Let h be (-92)/(-6) - 2/(-3). What is the highest common factor of v and h?
8
Let k(h) = 3*h**2 - 184*h - 359. Let u be k(64). Calculate the greatest common divisor of u and 19431.
153
Let r(i) = 2*i**2 - 11*i - 18. Let f be r(8). Suppose -8*n + 3*n + 15 = 0, 3*n = -2*j + 75. Calculate the greatest common divisor of f and j.
11
Let r be (1564/(-51))/((-2)/6). Let m = 73 - 4. What is the greatest common factor of m and r?
23
Let x be (-38)/(-399) + (-246)/(-63). Let r be 99/22*1*2. Suppose f + 2*y = -3*y - r, -f = 4*y + 6. Calculate the highest common divisor of f and x.
2
Let j(v) = 7*v + 9*v - 19*v + 81. Let k be j(12). What is the highest common divisor of k and 5?
5
Let p be 22/((-5)/5*-2). Suppose -10*i + 54 = -p*i. Let g be 1/4 + i/(-8). Calculate the highest common divisor of g and 77.
7
Let m(z) = -4*z**3 - 13*z**2 + 3*z - 22. Let x be m(-4). Calculate the highest common factor of 385 and x.
7
Let m = -6 + 21. Suppose -6*g - m = -g, t + 2*g - 4 = 0. Let z be (-5)/(-8) + -3 + (-162)/(-48). What is the highest common divisor of t and z?
1
Suppose 166*q = 167*q + 4*m - 39, 3*q - 51 = -m. What is the highest common factor of 12135 and q?
15
Let n = -25 - -34. Let b be (-7)/7 + (n - -4). Calculate the highest common factor of 228 and b.
12
Suppose 1793 = 2*q + 533. Let v be ((-17)/(-5) + -3)*q. Suppose 3*i - 5*s = 68, -2*s = -4*s - 2. Calculate the highest common factor of v and i.
21
Suppose -9 - 63 = -t. Suppose 81 = j + t. Calculate the greatest common divisor of 369 and j.
9
Let r be (-7 - (-1 - 6))*(-1 + 2). Let o be 0 + -4*1/(-2). Suppose 2*c - s - 71 = r, 0*s = c - o*s - 40. What is the highest common divisor of 102 and c?
34
Let c = -115 + 115. Suppose 17*h + 9 + 8 = c. Let m be (10 + h)/((-33)/(-22)). What is the highest common factor of m and 2?
2
Suppose 55*g - 854717 + 284147 = -78*g. What is the greatest common divisor of g and 260?
130
Suppose 43*n + 72021 = 48*n + s, 0 = -3*n - 5*s + 43195. What is the greatest common divisor of n and 215?
215
Let k(q) = 84*q**2 + 11*q - 10. Let b be k(1). Let f be 138 - -1 - 6/2. What is the highest common factor of f and b?
17
Let c(k) = k**3 + k**2 - k + 19. Let s be c(0). Let g = -340 - -1594. Let d be (4/6)/(11290/g - 9). What is the greatest common divisor of s and d?
19
Let f = -309 - -4137. What is the highest common factor of f and 132?
132
Let u b